he highest common factor of 5 and t?
5
Let a = -7 - -19. Let p = -4 - -9. Suppose x - 7 = p. What is the highest common factor of x and a?
12
Let l(c) = -79*c**2 - 3*c + 1. Let r be l(1). Let x = r - -120. Suppose 3*u + 2*u - 130 = 0. Calculate the highest common factor of u and x.
13
Let a be (-6)/4 + (-1055)/(-10). Let t be 14 + (-2)/4*2. What is the greatest common factor of t and a?
13
Let a(u) = u**2 + 3*u + 3. Let s be a(3). Suppose 0 = 5*f - 9 - 146. Suppose y + f = 4*l, 5*l - 5*y - 47 = -y. What is the greatest common divisor of l and s?
7
Suppose 4*u - 40 = -4*f, -7 = -4*u + 5*f - 3. Let l(t) = -t**2 - t - 3. Let d be l(-4). Let x be 8 - (-6)/d*5. Calculate the greatest common divisor of x and u.
6
Suppose 4*y + 0*w + 4 = 4*w, y - 3*w = -3. Suppose v - 5 + 3 = y, 5*v - 12 = -a. Calculate the greatest common divisor of 16 and a.
2
Suppose -15*g + 282 + 33 = 0. What is the highest common divisor of 189 and g?
21
Let m = 24 - -20. Let i = -50 + -250. Let a be 2/7 + i/(-28). Calculate the highest common divisor of a and m.
11
Let l be (-882)/(-30) + 4/(-10). Calculate the highest common divisor of l and 87.
29
Let b(c) = 4*c - 1. Let k be b(1). Suppose 5*q + 9 = -1. Let a be 29/k + q/3. What is the highest common factor of a and 99?
9
Let m be (40/(-30))/((-1)/36). Calculate the highest common factor of 8 and m.
8
Suppose -5*u = -4*c - 124, -124 = 2*c + 2*c - u. Let y = -15 - c. Let m be 30/4 + (-2)/(-4). Calculate the highest common factor of m and y.
8
Suppose 0*s + 7 = s. Let j(h) = 2*h**2 + 10*h + 6. Let m be j(-8). Suppose -3*r + 19 = 4*a - 87, -2*a - r = -m. What is the greatest common divisor of s and a?
7
Let z(m) = -10*m**3 - m**2 - m - 6. Let x be z(-2). What is the highest common divisor of x and 8?
8
Let i(y) = y**3 - 8*y**2 + 4*y + 6. Let t be i(7). Let o be 7*(-6)/63*t. Let c be -2 + 84 - (5 + -3). What is the greatest common divisor of o and c?
10
Let k(d) = 2*d + 22. Let m be k(-5). What is the greatest common factor of m and 108?
12
Let m be -1 + -2 + 3 - -3. Suppose z = -m*z + 704. What is the greatest common divisor of 22 and z?
22
Let k = 68 + -23. Suppose 12*m - 120 = 4*m. Calculate the greatest common factor of m and k.
15
Let q = 9 + -9. Suppose 5*y = -q*y + 100. What is the greatest common divisor of 50 and y?
10
Let c(f) = f + 27. Let o be c(-8). Calculate the highest common factor of 209 and o.
19
Let y(a) = a**3 - a + 16. Let j be y(0). Let i be 1 + (-4)/(-2) + -3. Suppose 3*s - s - 288 = i. Calculate the highest common divisor of s and j.
16
Let b(h) = -h**3 + 10*h**2 + 7. Let d be b(9). Suppose 2*s - 5 = 1. Suppose s*r - 24 = -0*r - x, -r = -x - 8. Calculate the greatest common divisor of r and d.
8
Suppose -119 = -4*t + 3*s, 0*s + 89 = 4*t + 3*s. What is the greatest common factor of 13 and t?
13
Suppose -5*p + 18 + 2 = 0. Let q(o) = o**3 - o**2 - 3*o - 1. Let c be q(p). What is the greatest common divisor of 5 and c?
5
Let u be (1 + -9)/(1/(-5)). Let q(l) = -l**2 - 11*l. Let g be q(-10). Calculate the highest common divisor of u and g.
10
Suppose -4*d + 67 = -77. Let p = 0 + 12. What is the greatest common divisor of p and d?
12
Let f be 1/(-3) - (-156)/9. Suppose 3*p + 0*p = 96. Let h be 0 + (p - -2)*1. Calculate the greatest common factor of f and h.
17
Let s(z) = z + 3. Let j be s(15). Calculate the greatest common factor of 198 and j.
18
Suppose 0 = 2*c - 5*u - 26, 109 - 31 = 4*c + 3*u. Let l = c - 11. Let x(p) = 2*p**2 - 18*p + 5. Let i be x(12). What is the greatest common factor of i and l?
7
Let v be 72/(-4)*(-1)/(-2). Let i = v - -35. What is the highest common divisor of 13 and i?
13
Let y = 171 - 46. What is the highest common divisor of 25 and y?
25
Let l be (0 + 9 + -1)/(1/2). Calculate the highest common factor of 16 and l.
16
Let s be (-2)/(-4)*(-4 + 4). Suppose -3*i + 16 = f, -5*i + 3*f - f + 12 = s. Calculate the highest common factor of 20 and i.
4
Suppose 4*i - 330 = i. Calculate the greatest common factor of 10 and i.
10
Let x be (1/2)/((-3)/(-84)). Calculate the highest common divisor of x and 28.
14
Suppose 0 = 4*f - 2*a - 2, -f - 4*a + 6 = a. Let t be (-14)/f*15/(-6). Suppose 0*b + t = b. What is the highest common factor of 7 and b?
7
Let c be ((-12)/10)/((-1)/(-5)). Let n be 53/(-3 + c/(-3)). Let r = 102 + n. What is the greatest common divisor of r and 7?
7
Let q be ((-4)/(-8))/((-1)/(-2)). Let u be (-1 - q) + 3 - 0. What is the greatest common factor of u and 10?
1
Let v be 39/5 - 2/(-10). Calculate the greatest common divisor of v and 8.
8
Suppose k - 3*k = -4*g - 22, 3*k - 4*g - 33 = 0. Let f be 1660/25 + (-2)/5. What is the highest common factor of k and f?
11
Let x(g) = -g**2 - 3*g + 18. Let i be x(0). Calculate the greatest common factor of 12 and i.
6
Let q = 143 - 93. Let d = -30 + q. Suppose l = 3*a + 4*l - 24, 5*l - 36 = -4*a. What is the highest common factor of d and a?
4
Let d = 29 + -24. Calculate the greatest common factor of d and 5.
5
Suppose -52 = -2*h - 12. Calculate the greatest common factor of h and 140.
20
Suppose -u = 11*u - 252. What is the highest common divisor of u and 42?
21
Suppose -n + 5 = 0, -3*n = -y - 4*y - 65. Suppose 4*l - k = -0*k + 16, 4*l = 3*k + 16. Let t be y/l*(-36)/10. Calculate the highest common factor of 63 and t.
9
Suppose -5*p - q = -316, 3*q + 279 = 4*p + 30. Calculate the greatest common divisor of 7 and p.
7
Suppose f - 4*f = o - 144, -4*o + 546 = 2*f. Suppose 45 = 5*v - 2*v. What is the highest common divisor of v and o?
15
Let u be -6*((-8)/(-4) - 8). Calculate the greatest common divisor of u and 48.
12
Let j = -30 + 14. Let k = j + 23. Let l(c) = -c**2 + 28*c - 6. Let y be l(27). What is the highest common divisor of y and k?
7
Suppose 0 = -0*m + 3*m - 12. Let o(w) = w**3 + w + 16. Let p be o(0). What is the greatest common divisor of p and m?
4
Let s be -2*(-3)/3 + -13. Let h = s + 16. Suppose -w + 17 = h. What is the greatest common divisor of w and 12?
12
Suppose 2*p + 0*p = 4. Let q be (p/2)/((-2)/(-52)). Let w be (2 + -3)/((-1)/65). Calculate the highest common divisor of w and q.
13
Suppose 0 = 4*g - 2*g. Suppose g*y + 14 = 2*z + y, 0 = -3*z - 5*y + 28. Let r be (-2)/z + (-674)/(-6). What is the greatest common factor of 14 and r?
14
Let b be -7 + (-24)/(-2) + -4. Let s be ((-2)/4)/(2/(-32)). What is the greatest common factor of s and b?
1
Let d(n) = -3*n**3 - n**2 + 1. Let s be d(-1). Let v be s/(-3) - 9/(-3). Calculate the highest common factor of v and 6.
2
Suppose 9 = 2*m - 0*n - n, n = -4*m + 21. What is the highest common divisor of m and 5?
5
Let j(r) = -r**3 - 12*r**2 - 12*r - 6. Let a(m) = -3*m - 11. Let n be a(0). Let v be j(n). What is the highest common divisor of v and 50?
5
Let c(q) = 73*q**2 - q. Let w be c(1). Let f(g) = g**3 - g**2 - 4*g + 2. Let m be f(3). Calculate the highest common factor of m and w.
8
Let o be (-2)/4*-6 + 110. Let d = o + -67. Suppose -v + d = v. What is the highest common factor of v and 115?
23
Let o(p) = 2*p**3 - 5*p**2 + 6*p. Let i be o(4). Let j be -2 + (-3 - -14) + 0. What is the highest common factor of j and i?
9
Suppose 0 = -5*j + 2*j + 42. Suppose -3*k - 2*r + 68 = 2*k, 0 = -k - 5*r + 9. What is the greatest common divisor of j and k?
14
Suppose 7*m + 108 = 11*m. What is the highest common factor of 3 and m?
3
Let f be ((-9)/2)/((-1)/(-2)). Let g = f - 12. Let i = g - -33. What is the highest common divisor of 24 and i?
12
Let v = -103 + 153. What is the highest common factor of v and 20?
10
Let m(f) = f**3 - 3*f**2 - 14*f - 4. Let y be m(6). What is the greatest common divisor of y and 12?
4
Suppose 4*y - 2*k - 706 = 0, y - 5*k - 533 = -2*y. Calculate the highest common factor of 16 and y.
16
Suppose 5*v - 40 = 3*g, 2*g = 4*g - 10. Let z = -95 + 65. Let x be 55/(-3)*z/10. Calculate the highest common divisor of x and v.
11
Let x = -30 + -180. Let v be 163/15 - 28/x. What is the greatest common factor of 33 and v?
11
Suppose 3*r + 715 = 8*r. What is the highest common factor of r and 13?
13
Let a(q) = q**3 + 3*q**2 - 8*q + 7. Let k be a(-4). Suppose -348 = -4*v - 2*n - 2*n, 3*v + 2*n - 266 = 0. Calculate the highest common factor of k and v.
23
Let i be (0 - 0)/(-2 - 0). Suppose -4*s = -i*s - 124. Suppose 5*n + 11 = s, n = -d + 19. Calculate the highest common divisor 